remainder when j is divided by d(14)?
17
Let v be (5 - 2)*(6/9 + -1). Let d(m) = 36*m**2 + 7*m + 6. Calculate the remainder when d(v) is divided by 13.
9
Suppose 3*p - 14 = -2*r, p = -4*p - 5*r + 25. Suppose 4*z = -p*z + 168. Calculate the remainder when 60 is divided by z.
18
Let w(r) = 6*r - 55. Let p = 95 - 82. What is the remainder when w(p) is divided by 15?
8
Suppose -4*l + 6*l = 352. Calculate the remainder when l is divided by 15.
11
Let h = -31 + 33. Suppose -2*r + 0*a + 12 = 4*a, -6 = -h*a. Suppose r*d = -6*d + 18. What is the remainder when 11 is divided by d?
2
What is the remainder when 60 is divided by (-12)/((9/42)/((-10)/35))?
12
Let m(a) be the first derivative of -a**4/4 + 3*a**2 - 4*a - 13. Calculate the remainder when 13 is divided by m(-3).
3
Suppose 4*w = 120 + 164. Calculate the remainder when w is divided by 15/20 + (-291)/(-12).
21
Let n = 60 - 27. Suppose 0 = -3*h - 4*t + 296, 2*t + 113 + 75 = 2*h. What is the remainder when h is divided by n?
30
Suppose 0 = -4*f - 3*b + 49, -16 = -5*b - 1. What is the remainder when 57 is divided by f?
7
Let k(f) = 2*f**2 - 7*f - 23. Let m be k(-3). Let w(o) = -o**2 + 18*o - 14. What is the remainder when 107 is divided by w(m)?
17
Let x be 11/(-2)*(-4)/(-2). Let i = 12 + x. Let z = i - -8. What is the remainder when z is divided by 4?
1
Let i be ((-56)/12)/(1/(-15)). Suppose 0 = 6*j - j + i. Calculate the remainder when 62 is divided by (-4)/j + 435/21.
20
Suppose 0 = 4*r + b - 41, 3*b - 1 = -r + 1. Let k(v) = v + 20. Let l be k(-6). Calculate the remainder when r is divided by 21/l*8/3.
3
Let c = -57 - -80. Suppose -c = 9*b - 149. Calculate the remainder when b is divided by 4.
2
Let q(o) = 4*o + 4. Suppose 18 = 17*w - 18*w. Let s = w + 22. Calculate the remainder when q(s) is divided by 11.
9
Let g = -17 + 7. Let k be (g/4)/(15/(-36)). Suppose 0 = 3*b + 4*s - 9, -12 = -k*b + 2*b - s. Calculate the remainder when 10 is divided by b.
1
Suppose 0 = 5*f - 98 - 132. What is the remainder when 183 is divided by f?
45
Let m = -380 + 416. Calculate the remainder when 104 is divided by m.
32
Suppose -2777 - 343 = -52*m. What is the remainder when 353 is divided by m?
53
Let j = -72 + 349. Calculate the remainder when j is divided by 40.
37
Suppose 5*t + 34 = -4*n + 5*n, n + 5*t = -16. Let k = 12 + -7. Calculate the remainder when n is divided by k.
4
Let x(s) = -6*s - 16. Let g(c) = 7 - 6 - c + 0. Let h(i) = 3*g(i) - x(i). What is the remainder when 77 is divided by h(7)?
37
Suppose -22*z + 266 = -3*z. What is the remainder when 68 is divided by z?
12
Suppose 0 = 10*z + z - 891. Calculate the remainder when 242 is divided by z.
80
Let m = 1 + -15. Let t = m - -21. What is the remainder when 7*(-3)/(-1) - 2 is divided by t?
5
Suppose -5*z + 41*d - 44*d + 306 = 0, -5*d + 35 = 0. Let y be 1*(2 + (-2)/2). Suppose -y + 46 = 3*j. Calculate the remainder when z is divided by j.
12
Suppose 0 = -11*y + 8*y + g + 403, 5*g - 569 = -4*y. Calculate the remainder when y is divided by 56.
24
Calculate the remainder when 269 is divided by (-20)/35 - 778/(-14).
49
Let g = 305 + 79. Suppose -g = -2*d - 2*d. What is the remainder when (-4)/14 - d/(-42) is divided by 2?
0
Let k(b) = 13*b + 129. Calculate the remainder when k(-3) is divided by 7.
6
Let l(c) = 7*c**2 + 2*c + 19. What is the remainder when 607 is divided by l(0)?
18
Suppose 3*f - 4*f + 49 = 0. Let w(i) = -2*i - 9. Let u be w(-5). What is the remainder when f is divided by (u*-3)/((-48)/208)?
10
Let n(y) = 5*y + 5. Let x be n(5). Let r(o) = x*o - 70*o + 4 + 4*o**2 - 3*o**2 + 30*o. Calculate the remainder when r(11) is divided by 9.
6
Let m = -10 + 40. Suppose -g = 5*t - m, g - 3 = -3*t + 29. What is the remainder when g is divided by 13?
9
Let j(o) = o**3 - 10*o**2 + o + 15. Calculate the remainder when j(10) is divided by 15.
10
Suppose -3480 = 97*n - 107*n. Calculate the remainder when n is divided by 50.
48
Suppose -74 = -2*s + 58. Suppose 25 - 164 = -3*h + 16*t, 30 = 2*h + 5*t. What is the remainder when s is divided by h?
16
Let t(l) = -2*l**3 + 49*l**2 - 26*l + 64. What is the remainder when 70 is divided by t(24)?
6
Suppose -373 = 5*o - 1198. What is the remainder when o is divided by 82?
1
Let t(b) = b**2 - 3*b - 3. Let o be t(4). What is the remainder when 36 + (-4 - -2)/(-1) is divided by (o + (-3 - (-52)/6))*3?
18
Let g = 268 + -251. Calculate the remainder when 50 is divided by g.
16
Let y(w) = 2*w**2 + 16*w + 8. Calculate the remainder when 181 is divided by y(-10).
37
Let o(s) = -s**3 - 3*s**2 + 5*s - 63. What is the remainder when o(-7) is divided by 33?
32
Suppose 0 = -4*g + 2*q + 224, -9*g + 13*g + 2*q - 224 = 0. Calculate the remainder when 341 is divided by g.
5
Let x(s) = 10*s - 82. Let y be x(15). Suppose 3*z + 68 = 5*z - 3*f, -2*z - 2*f = -y. Calculate the remainder when z is divided by 4.
2
Let u(n) = n**2 - 4*n + 6. Let p be u(4). Suppose 8*l - 11*l - p = 0. Calculate the remainder when (-74)/l - (-1 - -5) is divided by 9.
6
Suppose 28 = 5*y + 5*v - 67, -y = -5*v + 11. What is the remainder when y is divided by 63/(-49)*(-14)/2?
5
Let l be (6/18)/(1/9). Suppose l*r + 2*i - 4 = 0, -3*r + 3*i + 2 = -7. What is the remainder when 5 is divided by r?
1
Let a(t) = t**2 + 33*t - 40. Calculate the remainder when a(-35) is divided by 11.
8
Let q = 41 + -12. Suppose -9*a + 97 + q = 0. What is the remainder when a is divided by 8?
6
Let z(g) = 19*g**2 - 3. Let y be z(-3). Suppose -4*x + 5*p = p - y, 3*p = -3. Let d(m) = -m**2 - m + 15. Calculate the remainder when x is divided by d(0).
11
Suppose 18*o = -7*o - 4*o + 3828. Let i(n) = n**3 - 3*n**2 + 3*n - 1. Calculate the remainder when o is divided by i(4).
24
Let i(a) = a**3 + 16*a**2 - 21*a - 26. Let c be i(-17). Suppose 4*l - c = l + 2*t, 0 = 3*t. What is the remainder when 46 is divided by l?
4
Let j = 48 + 45. Suppose 7*v - 107 = 117. Calculate the remainder when j is divided by v.
29
Let m be ((-3)/(-9))/(6/162). Suppose m*c - 17*c = -480. What is the remainder when c is divided by 16?
12
What is the remainder when (3 - -18)/(51/(-12) - -5) is divided by 16?
12
Suppose 0 = -y + 4*u + 82, 3*y + 3*u - 96 = 75. Let x(o) = -o**3 - o**2 + 2*o + 4. Calculate the remainder when y is divided by x(-3).
14
Let u be (-3)/9 + 13/3. Suppose -6 = -u*h - 5*x + 13, -5*x + 7 = 2*h. Calculate the remainder when h is divided by 3.
0
Suppose 0 = 2422*u - 2468*u + 184. Suppose 0 = r + 3 - 8. Suppose -2 = -3*a + 4*k, 2*a + r*k - 24 = 2*k. What is the remainder when a is divided by u?
2
Suppose -406 = -5*n + 2*h + 86, -3 = 3*h. What is the remainder when n is divided by 9?
8
Suppose c + 2 = -4*z + 24, 4*c - 32 = -2*z. Let l(p) = -p**2 - 21*p - 89. What is the remainder when c is divided by l(-6)?
0
Suppose -36 = 3*v - 66. Suppose v*a = 6*a + 44. Calculate the remainder when 28 is divided by a.
6
What is the remainder when (-7)/(42/459)*-2 is divided by 13?
10
Let w(i) = -i**2 - 19*i - 52. Calculate the remainder when 301 is divided by w(-9).
35
Suppose 2*u + 147 = 5*u. What is the remainder when u is divided by (-75)/1*(-5 - (-14)/3)?
24
Let h(d) = 2*d**2 - 8*d + 1. Let f = 913 - 899. Calculate the remainder when h(6) is divided by f.
11
Let i be 132/(-10) - (-1)/5. Let z = -10 - i. Suppose z*u = -1 + 28. Calculate the remainder when u is divided by 4.
1
Calculate the remainder when (45/12 + 6)*12 is divided by 8.
5
Let x = -31 + 48. Let v(q) = -q**3 - 9*q**2 - 8*q + 12. Let d be (-7)/(-14) - 19/2. What is the remainder when v(d) is divided by x?
16
Let g = 253 + -132. Let h(m) = -2*m**2 - 22*m + 191. Calculate the remainder when g is divided by h(-16).
28
Let x be ((-20)/15)/((-4)/18). Suppose -635 = -5*y - b + x*b, -5*b + 349 = 3*y. Calculate the remainder when y is divided by 25.
23
Suppose 5*f = 2*f. Suppose -4*d = -v - 261, -3*d - v + 192 + 2 = f. Calculate the remainder when d is divided by 17.
14
Suppose -g = -4*l + 6, -4*l + 3*l + 5 = 0. Suppose 0 = -11*q + g*q - 225. Let i = -35 + q. What is the remainder when i is divided by 11?
7
Let a(o) = -o**3 + 6*o**2 + 16*o - 2. Suppose 4*j + 0*j - 30 = 2*z, 3*j + 4*z = 17. What is the remainder when a(j) is divided by 16?
13
Let i be (-3)/(-2)*((-78)/18 - -3). What is the remainder when 33 is divided by 812/49 - ((-12)/(-14))/i?
16
Suppose 4*f +